{"id":24481,"date":"2023-01-23T13:54:37","date_gmt":"2023-01-23T10:54:37","guid":{"rendered":"https:\/\/uzem.omu.edu.tr\/?page_id=24481"},"modified":"2023-01-23T14:14:48","modified_gmt":"2023-01-23T11:14:48","slug":"fen-bilgisi-egitimi-akademik-kadro","status":"publish","type":"page","link":"https:\/\/uzem.omu.edu.tr\/en\/fen-bilgisi-egitimi-akademik-kadro\/","title":{"rendered":"Fen Bilgisi E\u011fitimi | Akademik Kadro"},"content":{"rendered":"<p>[vc_row css=&#8221;.vc_custom_1427462343642{margin-top: -5px !important;margin-left: 0px !important;padding-left: 0px !important;}&#8221;][vc_column width=&#8221;3\/4&#8243; css=&#8221;.vc_custom_1450183673996{margin-top: 5px !important;margin-right: 0px !important;padding-right: 0px !important;padding-left: 0px !important;}&#8221;][vc_row_inner][vc_column_inner css=&#8221;.vc_custom_1450183685859{margin-bottom: 5px !important;padding-right: 0px !important;padding-left: 0px !important;}&#8221;][vc_widget_sidebar sidebar_id=&#8221;generated_sidebar-fen-bilgisi-egitimi-ust-menu&#8221;][\/vc_column_inner][\/vc_row_inner][vc_column_text el_class=&#8221;menu-basligi&#8221; css=&#8221;.vc_custom_1530079867112{margin-top: -5px !important;padding-top: -5px !important;}&#8221;]<strong>Akademik Kadro<\/strong>[\/vc_column_text][vc_column_text el_class=&#8221;ders-tablosu&#8221;]<\/p>\n<table width=\"531\">\n<tbody>\n<tr>\n<td width=\"213\">Birim Koordinat\u00f6r\u00fc<\/td>\n<td width=\"318\">Prof. Dr. Ahmet TABAK<\/td>\n<\/tr>\n<tr>\n<td>Program Koordinat\u00f6r\u00fc<\/td>\n<td width=\"318\">Prof. Dr. S\u00fcleyman YAMAN<\/td>\n<\/tr>\n<tr>\n<td>\u00d6\u011fretim \u00dcyesi<\/td>\n<td width=\"318\">Do\u00e7. Dr. Mualla BOLAT<\/td>\n<\/tr>\n<tr>\n<td>\u00d6\u011fretim \u00dcyesi<\/td>\n<td width=\"318\">Do\u00e7. Dr. Elif Omca \u00c7OBANO\u011eLU<\/td>\n<\/tr>\n<tr>\n<td>\u00d6\u011fretim \u00dcyesi<\/td>\n<td width=\"318\">Dr. \u00d6\u011fr. \u00dcyesi Soner ERG\u00dcL<\/td>\n<\/tr>\n<tr>\n<td>\u00d6\u011fretim \u00dcyesi<\/td>\n<td>Do\u00e7. Dr. Sibel DEM\u0130R KA\u00c7AN<\/td>\n<\/tr>\n<tr>\n<td>\u00d6\u011fretim \u00dcyesi<\/td>\n<td>Do\u00e7. Dr. Mustafa ERGUN<\/td>\n<\/tr>\n<\/tbody>\n<\/table>\n<p>[\/vc_column_text][\/vc_column][vc_column width=&#8221;1\/4&#8243; css=&#8221;.vc_custom_1433425104553{margin-top: 20px !important;padding-right: 0px !important;}&#8221;][vc_widget_sidebar sidebar_id=&#8221;generated_sidebar-fen-bilgisi-egitimi-yan-menu&#8221;][\/vc_column][\/vc_row]<\/p>\n","protected":false},"excerpt":{"rendered":"<p>[vc_row css=&#8221;.vc_custom_1427462343642{margin-top: -5px !important;margin-left: 0px !important;padding-left: 0px !important;}&#8221;][vc_column width=&#8221;3\/4&#8243; css=&#8221;.vc_custom_1450183673996{margin-top: 5px !important;margin-right: 0px !important;padding-right: 0px !important;padding-left: 0px !important;}&#8221;][vc_row_inner][vc_column_inner css=&#8221;.vc_custom_1450183685859{margin-bottom: 5px !important;padding-right: 0px !important;padding-left: 0px !important;}&#8221;][vc_widget_sidebar sidebar_id=&#8221;generated_sidebar-fen-bilgisi-egitimi-ust-menu&#8221;][\/vc_column_inner][\/vc_row_inner][vc_column_text el_class=&#8221;menu-basligi&#8221; css=&#8221;.vc_custom_1530079867112{margin-top: -5px !important;padding-top: -5px !important;}&#8221;]Akademik Kadro[\/vc_column_text][vc_column_text el_class=&#8221;ders-tablosu&#8221;] Birim Koordinat\u00f6r\u00fc Prof. Dr. Ahmet TABAK Program Koordinat\u00f6r\u00fc Prof. Dr. S\u00fcleyman YAMAN \u00d6\u011fretim \u00dcyesi Do\u00e7. Dr. Mualla BOLAT \u00d6\u011fretim \u00dcyesi Do\u00e7. Dr. Elif Omca \u00c7OBANO\u011eLU \u00d6\u011fretim \u00dcyesi Dr. \u00d6\u011fr. \u00dcyesi Soner ERG\u00dcL \u00d6\u011fretim \u00dcyesi Do\u00e7. Dr. Sibel DEM\u0130R KA\u00c7AN \u00d6\u011fretim \u00dcyesi Do\u00e7. Dr. Mustafa ERGUN [\/vc_column_text][\/vc_column][vc_column width=&#8221;1\/4&#8243; css=&#8221;.vc_custom_1433425104553{margin-top: 20px !important;padding-right: 0px !important;}&#8221;][vc_widget_sidebar sidebar_id=&#8221;generated_sidebar-fen-bilgisi-egitimi-yan-menu&#8221;][\/vc_column][\/vc_row]<\/p>\n","protected":false},"author":11,"featured_media":0,"parent":0,"menu_order":0,"comment_status":"closed","ping_status":"closed","template":"","meta":[],"translation":{"provider":"WPGlobus","version":"2.12.2","language":"en","enabled_languages":["tr","en"],"languages":{"tr":{"title":true,"content":true,"excerpt":false},"en":{"title":false,"content":false,"excerpt":false}}},"yoast_head":"<!-- This site is optimized with the Yoast SEO plugin v17.4 - https:\/\/yoast.com\/wordpress\/plugins\/seo\/ -->\n<meta name=\"robots\" content=\"index, follow, max-snippet:-1, max-image-preview:large, max-video-preview:-1\" \/>\n<link rel=\"canonical\" href=\"https:\/\/uzem.omu.edu.tr\/fen-bilgisi-egitimi-akademik-kadro\/\" \/>\n<meta property=\"og:locale\" content=\"en_US\" \/>\n<meta property=\"og:type\" content=\"article\" \/>\n<meta property=\"og:title\" content=\"Fen Bilgisi E\u011fitimi | Akademik Kadro - OM\u00dc Uzaktan E\u011fitim Merkezi\" \/>\n<meta property=\"og:url\" content=\"https:\/\/uzem.omu.edu.tr\/fen-bilgisi-egitimi-akademik-kadro\/\" \/>\n<meta property=\"og:site_name\" content=\"OM\u00dc Uzaktan E\u011fitim Merkezi\" \/>\n<meta property=\"article:publisher\" content=\"https:\/\/www.facebook.com\/omu.uzem\" \/>\n<meta property=\"article:modified_time\" content=\"2023-01-23T11:14:48+00:00\" \/>\n<meta name=\"twitter:card\" content=\"summary_large_image\" \/>\n<meta name=\"twitter:site\" content=\"@omuuzem\" \/>\n<meta name=\"twitter:label1\" content=\"Est. reading time\" \/>\n\t<meta name=\"twitter:data1\" content=\"1 minute\" \/>\n<script type=\"application\/ld+json\" class=\"yoast-schema-graph\">{\"@context\":\"https:\/\/schema.org\",\"@graph\":[{\"@type\":\"Organization\",\"@id\":\"https:\/\/uzem.omu.edu.tr\/#organization\",\"name\":\"UZEM\",\"url\":\"https:\/\/uzem.omu.edu.tr\/\",\"sameAs\":[\"https:\/\/www.facebook.com\/omu.uzem\",\"https:\/\/www.instagram.com\/omu.uzem\/\",\"https:\/\/www.youtube.com\/channel\/UCQ6c_wjaGQcIvBKTbPrOe2A\",\"https:\/\/twitter.com\/omuuzem\"],\"logo\":{\"@type\":\"ImageObject\",\"@id\":\"https:\/\/uzem.omu.edu.tr\/#logo\",\"inLanguage\":\"en-US\",\"url\":\"https:\/\/uzem.omu.edu.tr\/wp-content\/uploads\/ulogo-1.png\",\"contentUrl\":\"https:\/\/uzem.omu.edu.tr\/wp-content\/uploads\/ulogo-1.png\",\"width\":364,\"height\":39,\"caption\":\"UZEM\"},\"image\":{\"@id\":\"https:\/\/uzem.omu.edu.tr\/#logo\"}},{\"@type\":\"WebSite\",\"@id\":\"https:\/\/uzem.omu.edu.tr\/#website\",\"url\":\"https:\/\/uzem.omu.edu.tr\/\",\"name\":\"OM\\u00dc Uzaktan E\\u011fitim Merkezi\",\"description\":\"&quot;F\\u0131rsatlar Sunar&quot;\",\"publisher\":{\"@id\":\"https:\/\/uzem.omu.edu.tr\/#organization\"},\"potentialAction\":[{\"@type\":\"SearchAction\",\"target\":{\"@type\":\"EntryPoint\",\"urlTemplate\":\"https:\/\/uzem.omu.edu.tr\/?s={search_term_string}\"},\"query-input\":\"required name=search_term_string\"}],\"inLanguage\":\"en-US\"},{\"@type\":\"WebPage\",\"@id\":\"https:\/\/uzem.omu.edu.tr\/fen-bilgisi-egitimi-akademik-kadro\/#webpage\",\"url\":\"https:\/\/uzem.omu.edu.tr\/fen-bilgisi-egitimi-akademik-kadro\/\",\"name\":\"Fen Bilgisi E\\u011fitimi | Akademik Kadro - OM\\u00dc Uzaktan E\\u011fitim Merkezi\",\"isPartOf\":{\"@id\":\"https:\/\/uzem.omu.edu.tr\/#website\"},\"datePublished\":\"2023-01-23T10:54:37+00:00\",\"dateModified\":\"2023-01-23T11:14:48+00:00\",\"breadcrumb\":{\"@id\":\"https:\/\/uzem.omu.edu.tr\/fen-bilgisi-egitimi-akademik-kadro\/#breadcrumb\"},\"inLanguage\":\"en-US\",\"potentialAction\":[{\"@type\":\"ReadAction\",\"target\":[\"https:\/\/uzem.omu.edu.tr\/fen-bilgisi-egitimi-akademik-kadro\/\"]}]},{\"@type\":\"BreadcrumbList\",\"@id\":\"https:\/\/uzem.omu.edu.tr\/fen-bilgisi-egitimi-akademik-kadro\/#breadcrumb\",\"itemListElement\":[{\"@type\":\"ListItem\",\"position\":1,\"name\":\"Home\",\"item\":\"https:\/\/uzem.omu.edu.tr\/\"},{\"@type\":\"ListItem\",\"position\":2,\"name\":\"Fen Bilgisi E\\u011fitimi | Akademik Kadro\"}]}]}<\/script>\n<!-- \/ Yoast SEO plugin. -->","yoast_head_json":{"robots":{"index":"index","follow":"follow","max-snippet":"max-snippet:-1","max-image-preview":"max-image-preview:large","max-video-preview":"max-video-preview:-1"},"canonical":"https:\/\/uzem.omu.edu.tr\/fen-bilgisi-egitimi-akademik-kadro\/","og_locale":"en_US","og_type":"article","og_title":"Fen Bilgisi E\u011fitimi | Akademik Kadro - OM\u00dc Uzaktan E\u011fitim Merkezi","og_url":"https:\/\/uzem.omu.edu.tr\/fen-bilgisi-egitimi-akademik-kadro\/","og_site_name":"OM\u00dc Uzaktan E\u011fitim Merkezi","article_publisher":"https:\/\/www.facebook.com\/omu.uzem","article_modified_time":"2023-01-23T11:14:48+00:00","twitter_card":"summary_large_image","twitter_site":"@omuuzem","twitter_misc":{"Est. reading time":"1 minute"},"schema":{"@context":"https:\/\/schema.org","@graph":[{"@type":"Organization","@id":"https:\/\/uzem.omu.edu.tr\/#organization","name":"UZEM","url":"https:\/\/uzem.omu.edu.tr\/","sameAs":["https:\/\/www.facebook.com\/omu.uzem","https:\/\/www.instagram.com\/omu.uzem\/","https:\/\/www.youtube.com\/channel\/UCQ6c_wjaGQcIvBKTbPrOe2A","https:\/\/twitter.com\/omuuzem"],"logo":{"@type":"ImageObject","@id":"https:\/\/uzem.omu.edu.tr\/#logo","inLanguage":"en-US","url":"https:\/\/uzem.omu.edu.tr\/wp-content\/uploads\/ulogo-1.png","contentUrl":"https:\/\/uzem.omu.edu.tr\/wp-content\/uploads\/ulogo-1.png","width":364,"height":39,"caption":"UZEM"},"image":{"@id":"https:\/\/uzem.omu.edu.tr\/#logo"}},{"@type":"WebSite","@id":"https:\/\/uzem.omu.edu.tr\/#website","url":"https:\/\/uzem.omu.edu.tr\/","name":"OM\u00dc Uzaktan E\u011fitim Merkezi","description":"&quot;F\u0131rsatlar Sunar&quot;","publisher":{"@id":"https:\/\/uzem.omu.edu.tr\/#organization"},"potentialAction":[{"@type":"SearchAction","target":{"@type":"EntryPoint","urlTemplate":"https:\/\/uzem.omu.edu.tr\/?s={search_term_string}"},"query-input":"required name=search_term_string"}],"inLanguage":"en-US"},{"@type":"WebPage","@id":"https:\/\/uzem.omu.edu.tr\/fen-bilgisi-egitimi-akademik-kadro\/#webpage","url":"https:\/\/uzem.omu.edu.tr\/fen-bilgisi-egitimi-akademik-kadro\/","name":"Fen Bilgisi E\u011fitimi | Akademik Kadro - OM\u00dc Uzaktan E\u011fitim Merkezi","isPartOf":{"@id":"https:\/\/uzem.omu.edu.tr\/#website"},"datePublished":"2023-01-23T10:54:37+00:00","dateModified":"2023-01-23T11:14:48+00:00","breadcrumb":{"@id":"https:\/\/uzem.omu.edu.tr\/fen-bilgisi-egitimi-akademik-kadro\/#breadcrumb"},"inLanguage":"en-US","potentialAction":[{"@type":"ReadAction","target":["https:\/\/uzem.omu.edu.tr\/fen-bilgisi-egitimi-akademik-kadro\/"]}]},{"@type":"BreadcrumbList","@id":"https:\/\/uzem.omu.edu.tr\/fen-bilgisi-egitimi-akademik-kadro\/#breadcrumb","itemListElement":[{"@type":"ListItem","position":1,"name":"Home","item":"https:\/\/uzem.omu.edu.tr\/"},{"@type":"ListItem","position":2,"name":"Fen Bilgisi E\u011fitimi | Akademik Kadro"}]}]}},"_links":{"self":[{"href":"https:\/\/uzem.omu.edu.tr\/en\/wp-json\/wp\/v2\/pages\/24481"}],"collection":[{"href":"https:\/\/uzem.omu.edu.tr\/en\/wp-json\/wp\/v2\/pages"}],"about":[{"href":"https:\/\/uzem.omu.edu.tr\/en\/wp-json\/wp\/v2\/types\/page"}],"author":[{"embeddable":true,"href":"https:\/\/uzem.omu.edu.tr\/en\/wp-json\/wp\/v2\/users\/11"}],"replies":[{"embeddable":true,"href":"https:\/\/uzem.omu.edu.tr\/en\/wp-json\/wp\/v2\/comments?post=24481"}],"version-history":[{"count":3,"href":"https:\/\/uzem.omu.edu.tr\/en\/wp-json\/wp\/v2\/pages\/24481\/revisions"}],"predecessor-version":[{"id":24505,"href":"https:\/\/uzem.omu.edu.tr\/en\/wp-json\/wp\/v2\/pages\/24481\/revisions\/24505"}],"wp:attachment":[{"href":"https:\/\/uzem.omu.edu.tr\/en\/wp-json\/wp\/v2\/media?parent=24481"}],"curies":[{"name":"wp","href":"https:\/\/api.w.org\/{rel}","templated":true}]}}

Fen Bilgisi Eğitimi | Akademik Kadro

<p>[vc_row css=&#8221;.vc_custom_1427462343642{margin-top: -5px !important;margin-left: 0px !important;padding-left: 0px !important;}&#8221;][vc_column width=&#8221;3/4&#8243; css=&#8221;.vc_custom_1450183673996{margin-top: 5px !important;margin-right: 0px !important;padding-right: 0px !important;padding-left: 0px !important;}&#8221;][vc_row_inner][vc_column_inner css=&#8221;.vc_custom_1450183685859{margin-bottom: 5px !important;padding-right: 0px !important;padding-left: 0px !important;}&#8221;][vc_widget_sidebar sidebar_id=&#8221;generated_sidebar-fen-bilgisi-egitimi-ust-menu&#8221;][/vc_column_inner][/vc_row_inner][vc_column_text el_class=&#8221;menu-basligi&#8221; css=&#8221;.vc_custom_1530079867112{margin-top: -5px !important;padding-top: -5px !important;}&#8221;]<strong>Akademik Kadro</strong>[/vc_column_text][vc_column_text el_class=&#8221;ders-tablosu&#8221;]</p>
<table width="531">
<tbody>
<tr>
<td width="213">Birim Koordinatörü</td>
<td width="318">Prof. Dr. Ahmet TABAK</td>
</tr>
<tr>
<td>Program Koordinatörü</td>
<td width="318">Prof. Dr. Süleyman YAMAN</td>
</tr>
<tr>
<td>Öğretim Üyesi</td>
<td width="318">Doç. Dr. Mualla BOLAT</td>
</tr>
<tr>
<td>Öğretim Üyesi</td>
<td width="318">Doç. Dr. Elif Omca ÇOBANOĞLU</td>
</tr>
<tr>
<td>Öğretim Üyesi</td>
<td width="318">Dr. Öğr. Üyesi Soner ERGÜL</td>
</tr>
<tr>
<td>Öğretim Üyesi</td>
<td>Doç. Dr. Sibel DEMİR KAÇAN</td>
</tr>
<tr>
<td>Öğretim Üyesi</td>
<td>Doç. Dr. Mustafa ERGUN</td>
</tr>
</tbody>
</table>
<p>[/vc_column_text][/vc_column][vc_column width=&#8221;1/4&#8243; css=&#8221;.vc_custom_1433425104553{margin-top: 20px !important;padding-right: 0px !important;}&#8221;][vc_widget_sidebar sidebar_id=&#8221;generated_sidebar-fen-bilgisi-egitimi-yan-menu&#8221;][/vc_column][/vc_row]</p>

<p>[vc_row css=&#8221;.vc_custom_1427462343642{margin-top: -5px !important;margin-left: 0px !important;padding-left: 0px !important;}&#8221;][vc_column width=&#8221;3/4&#8243; css=&#8221;.vc_custom_1450183673996{margin-top: 5px !important;margin-right: 0px !important;padding-right: 0px !important;padding-left: 0px !important;}&#8221;][vc_row_inner][vc_column_inner css=&#8221;.vc_custom_1450183685859{margin-bottom: 5px !important;padding-right: 0px !important;padding-left: 0px !important;}&#8221;][vc_widget_sidebar sidebar_id=&#8221;generated_sidebar-fen-bilgisi-egitimi-ust-menu&#8221;][/vc_column_inner][/vc_row_inner][vc_column_text el_class=&#8221;menu-basligi&#8221; css=&#8221;.vc_custom_1530079867112{margin-top: -5px !important;padding-top: -5px !important;}&#8221;]Akademik Kadro[/vc_column_text][vc_column_text el_class=&#8221;ders-tablosu&#8221;] Birim Koordinatörü Prof. Dr. Ahmet TABAK Program Koordinatörü Prof. Dr. Süleyman YAMAN Öğretim Üyesi Doç. Dr. Mualla BOLAT Öğretim Üyesi Doç. Dr. Elif Omca ÇOBANOĞLU Öğretim Üyesi Dr. Öğr. Üyesi Soner ERGÜL Öğretim Üyesi Doç. Dr. Sibel DEMİR KAÇAN Öğretim Üyesi Doç. Dr. Mustafa ERGUN [/vc_column_text][/vc_column][vc_column width=&#8221;1/4&#8243; css=&#8221;.vc_custom_1433425104553{margin-top: 20px !important;padding-right: 0px !important;}&#8221;][vc_widget_sidebar sidebar_id=&#8221;generated_sidebar-fen-bilgisi-egitimi-yan-menu&#8221;][/vc_column][/vc_row]</p>

<!-- This site is optimized with the Yoast SEO plugin v17.4 - https://yoast.com/wordpress/plugins/seo/ -->
<meta name="robots" content="index, follow, max-snippet:-1, max-image-preview:large, max-video-preview:-1" />
<link rel="canonical" href="https://uzem.omu.edu.tr/fen-bilgisi-egitimi-akademik-kadro/" />
<meta property="og:locale" content="en_US" />
<meta property="og:type" content="article" />
<meta property="og:title" content="Fen Bilgisi Eğitimi | Akademik Kadro - OMÜ Uzaktan Eğitim Merkezi" />
<meta property="og:url" content="https://uzem.omu.edu.tr/fen-bilgisi-egitimi-akademik-kadro/" />
<meta property="og:site_name" content="OMÜ Uzaktan Eğitim Merkezi" />
<meta property="article:publisher" content="https://www.facebook.com/omu.uzem" />
<meta property="article:modified_time" content="2023-01-23T11:14:48+00:00" />
<meta name="twitter:card" content="summary_large_image" />
<meta name="twitter:site" content="@omuuzem" />
<meta name="twitter:label1" content="Est. reading time" />
	<meta name="twitter:data1" content="1 minute" />
<script type="application/ld+json" class="yoast-schema-graph">{"@context":"https://schema.org","@graph":[{"@type":"Organization","@id":"https://uzem.omu.edu.tr/#organization","name":"UZEM","url":"https://uzem.omu.edu.tr/","sameAs":["https://www.facebook.com/omu.uzem","https://www.instagram.com/omu.uzem/","https://www.youtube.com/channel/UCQ6c_wjaGQcIvBKTbPrOe2A","https://twitter.com/omuuzem"],"logo":{"@type":"ImageObject","@id":"https://uzem.omu.edu.tr/#logo","inLanguage":"en-US","url":"https://uzem.omu.edu.tr/wp-content/uploads/ulogo-1.png","contentUrl":"https://uzem.omu.edu.tr/wp-content/uploads/ulogo-1.png","width":364,"height":39,"caption":"UZEM"},"image":{"@id":"https://uzem.omu.edu.tr/#logo"}},{"@type":"WebSite","@id":"https://uzem.omu.edu.tr/#website","url":"https://uzem.omu.edu.tr/","name":"OM\u00dc Uzaktan E\u011fitim Merkezi","description":"&quot;F\u0131rsatlar Sunar&quot;","publisher":{"@id":"https://uzem.omu.edu.tr/#organization"},"potentialAction":[{"@type":"SearchAction","target":{"@type":"EntryPoint","urlTemplate":"https://uzem.omu.edu.tr/?s={search_term_string}"},"query-input":"required name=search_term_string"}],"inLanguage":"en-US"},{"@type":"WebPage","@id":"https://uzem.omu.edu.tr/fen-bilgisi-egitimi-akademik-kadro/#webpage","url":"https://uzem.omu.edu.tr/fen-bilgisi-egitimi-akademik-kadro/","name":"Fen Bilgisi E\u011fitimi | Akademik Kadro - OM\u00dc Uzaktan E\u011fitim Merkezi","isPartOf":{"@id":"https://uzem.omu.edu.tr/#website"},"datePublished":"2023-01-23T10:54:37+00:00","dateModified":"2023-01-23T11:14:48+00:00","breadcrumb":{"@id":"https://uzem.omu.edu.tr/fen-bilgisi-egitimi-akademik-kadro/#breadcrumb"},"inLanguage":"en-US","potentialAction":[{"@type":"ReadAction","target":["https://uzem.omu.edu.tr/fen-bilgisi-egitimi-akademik-kadro/"]}]},{"@type":"BreadcrumbList","@id":"https://uzem.omu.edu.tr/fen-bilgisi-egitimi-akademik-kadro/#breadcrumb","itemListElement":[{"@type":"ListItem","position":1,"name":"Home","item":"https://uzem.omu.edu.tr/"},{"@type":"ListItem","position":2,"name":"Fen Bilgisi E\u011fitimi | Akademik Kadro"}]}]}</script>
<!-- / Yoast SEO plugin. -->

Fen Bilgisi Eğitimi | Akademik Kadro - OMÜ Uzaktan Eğitim Merkezi

OMÜ Uzaktan Eğitim Merkezi

&quot;Fırsatlar Sunar&quot;
